ten thousands digit of h?
1
Let c = 4 - -6. Let o be 3*c/(-135)*-9. What is the units digit of 190 + (o + -14)/(-4)?
3
What is the tens digit of (2097 + 0 + 16 + 42/(-6))*29?
7
Let s be 20 - 4 - (11 + -4). Suppose -4*z + 552 = -3*z - 5*f, -3*f = s. What is the hundreds digit of z?
5
Let f(a) = 75*a - 50. Suppose 0 = -83*s + 74*s + 126. What is the units digit of f(s)?
0
Let x(s) = 2*s**2 - 8*s - 12. Suppose 0 = g - 3 - 0. Let d be (-7)/((-21)/9)*g. What is the tens digit of x(d)?
7
Suppose -15*j + 16*j = -q + 3790, -18959 = -5*j - 2*q. What is the hundreds digit of j?
7
Let t(d) = 12*d + 182*d**2 - 100 + 26 - 178*d**2 + 2*d**3. What is the units digit of t(5)?
6
Suppose -a + 4*a = 6. Suppose -5*w + 4*q = -193, -w = a*q - 0*q - 47. Suppose 2*m - 4*z - 171 = -w, -109 = -2*m - 3*z. What is the units digit of m?
9
Suppose -168 = 2*k - 354. Suppose -161 - 310 = -3*z. Let j = z - k. What is the units digit of j?
4
Let j = 27081 - 18586. What is the thousands digit of j?
8
Let y(v) = -2*v**3 - 9*v**2 - 11. Let s be y(-5). What is the hundreds digit of 2146/s + (-1)/21*6?
1
Let j(q) = 212*q + 23. Let p(n) = 636*n + 66. Let i(c) = -17*j(c) + 6*p(c). What is the hundreds digit of i(1)?
2
Suppose -39*s + 4*m = -34*s + 6, -3*s - m = -10. What is the units digit of s/10 - (-37895)/25?
6
Let q(s) = 11*s**3 - 5*s**2 - 7*s - 10. Let k be q(-3). Let x = -270 - k. What is the units digit of x?
1
Let y(v) = v**3 + 4*v**2 - 7*v - 2. Let d = 15 + -20. Let j be y(d). Suppose -10*r = -j*r - 64. What is the tens digit of r?
3
What is the ten thousands digit of (82/6)/((-93)/(-196695))?
2
Suppose 0 = -71*c - 163511 + 2491672. What is the units digit of c?
1
Let v(l) be the second derivative of -l**5/20 - l**4/2 - l**3/2 + 6*l**2 + 3*l. Let q be v(-5). Let r = 56 + q. What is the tens digit of r?
5
Let h(f) = f**3 + 3*f**2 - 9*f + 8. Let c be h(-5). Suppose c*u + 3*l = -2*u - 4145, 3343 = -4*u + 3*l. What is the units digit of (u/80)/(4/(-50))?
0
Let g(m) = 186*m**2 - 8*m - 11. Let t be g(-2). Suppose 21*n - t - 427 = 0. What is the units digit of n?
6
Let x = -9 + 18. Suppose -3*q + x*d - 11 = 4*d, -q + 15 = 3*d. Suppose -2*y - 4*v = -q*y + 51, -4*y - 3*v = -299. What is the tens digit of y?
7
Let w(g) = 0*g - 934 - 10*g + 740. What is the units digit of w(-28)?
6
Suppose 0 = 3*v - 5*v - 2. What is the hundreds digit of (-175*(v + -2))/((-24)/(-16))?
3
What is the tens digit of (871/(-1742))/((-2)/61560*1)?
9
Suppose 0 = 65*y - 50*y - 268890. What is the ten thousands digit of y?
1
Let s = -2765 - -5962. What is the hundreds digit of s?
1
Suppose -3*y + 750 = -8*y + 2*o, -4*o + 150 = -y. What is the tens digit of (-31710)/y + (-2)/(-5)*-1?
1
Suppose -16 + 6 = -5*p + d, -3*d + 18 = p. Let u be -2 + 10 - 9/p*1. Suppose 0*g = -u*g - 3*a + 169, 4*a = 2*g - 52. What is the units digit of g?
2
Let j(c) = -c**3 - 2 + 5 + 5*c**2 + 0 - 6*c - 4*c**2. What is the hundreds digit of j(-5)?
1
Let n = -41120 - -64725. What is the tens digit of n?
0
Let j = 1646 - -7153. What is the units digit of j?
9
Let x = -6091 - -8550. What is the hundreds digit of x?
4
Let j(t) = t**3 + 9*t**2 + 8*t + 3. Suppose -8 = 2*v - v. Let u be j(v). Suppose -u*w - 83 = -221. What is the units digit of w?
6
Suppose 4*b = -m + 15, -b + 3 = m - 0*m. Suppose -4 = b*c - 24. Suppose -42 - 244 = -5*a + 4*q, -c*a = 2*q - 262. What is the tens digit of a?
5
Let c = 14756 - 9783. What is the thousands digit of c?
4
Let u = -1006 + 1964. Suppose 2*t - 4*q = u, -q + 10 = -3*q. What is the units digit of t?
9
Let p(z) = 132*z - 328. Let j be p(7). Let c = j - 257. What is the tens digit of c?
3
Suppose -5*x + 17 = 2. Suppose 0 = q - 2*k + x*k - 211, 15 = 5*k. What is the units digit of q?
8
Let b(s) = 3877*s**2 - 8*s + 23. Let u be b(2). Suppose 21*d - 11260 = u. What is the tens digit of d?
7
Let z = -16123 - -24614. What is the tens digit of z?
9
Let u = 6199 + -3917. What is the thousands digit of u?
2
Suppose 0 = 112*u - 131*u + 152. Let f(s) = 56*s - 1. Let q be f(2). Suppose u*g = 289 + q. What is the tens digit of g?
5
Let n be 4 - ((-6)/9 + (-7)/3). Suppose 2*q = a + 4, n*a + 33 = 2*a - 3*q. Let g(w) = w**3 + 9*w**2 + 8*w - 2. What is the tens digit of g(a)?
5
Suppose 5*j + 109*f - 21295 = 113*f, -3*j + 12790 = -5*f. What is the tens digit of j?
5
Suppose -67*b + 20170 + 40733 = 0. What is the units digit of b?
9
What is the thousands digit of 16/(-8) - -13 - (28 + -40335)?
0
Suppose 2*m - 8881 - 4545 = 4*r, -5*m + r + 33529 = 0. What is the thousands digit of m?
6
Let x be -3*4/30 + (-418)/(-95). Suppose 4*b - 1236 = -4*p, 3*b - 1224 = -x*p + 2*b. What is the units digit of p?
5
Let c(a) = 3*a**3 + a - 2*a**3 - 5*a + 16 + 7*a**2 + 2*a. What is the units digit of c(-6)?
4
Suppose 6*t = 3*p + 11*t - 44675, 3*p - 44661 = -3*t. What is the ten thousands digit of p?
1
Suppose 14*k = 26*k - 7*k. Suppose 4*o - 5*m - 478 = 0, k = m - 8 + 6. What is the hundreds digit of o?
1
Let k(l) be the second derivative of -l**3/6 + 3*l**2/2 - 3*l. Let y be 6/(-15)*(4 + (3 - 2)). What is the units digit of k(y)?
5
Suppose 2*u + 4*w - 909 - 6879 = 0, 2*w = 4*u - 15536. What is the units digit of u?
6
Suppose -10*c + 156 = -7704. Suppose 262*i - 268*i = -c. What is the units digit of i?
1
What is the thousands digit of (-7 - (-1)/(-1))*(-114811)/74?
2
What is the hundreds digit of ((-17)/(34/(-3584)))/((-732)/92 - -8)?
2
Let g = -257 - -371. Let b = 290 - 289. What is the tens digit of 2/2*1/b + g?
1
Let c be 1 - 4 - (5 - 28). Let d(l) = -l**3 + 19*l**2 + 15*l + 226. What is the tens digit of d(c)?
2
Suppose 56*g - 47*g - 17388 = 0. Suppose -12*a + 684 + g = 0. What is the units digit of a?
8
Let b(f) = -f**3 + 9*f**2 + 11*f - 9. Suppose -4*i + 20 = 5*v - v, 3*i + 9 = 5*v. Suppose v*z = -y + 4, 0*y + y - 4*z = 18. What is the units digit of b(y)?
1
Suppose -5*d - 5932 + 32935 = 4*w, -3*w + 10*d + 20266 = 0. What is the thousands digit of w?
6
Suppose -2*b = -5*b + 92715 + 57579. What is the units digit of b?
8
Suppose 0 = 4*r - 3*n - 164 + 976, -4*r - 3*n - 788 = 0. What is the hundreds digit of (-1 - 0)*25/(r/1536)?
1
Suppose 6*i + 0*i = 0. Suppose -3*l + 3*o + 228 = i, -l - 3*o + 58 = -10. Let t = l - -50. What is the tens digit of t?
2
Let p(n) = n**3 - 10*n**2 + 54*n - 8. What is the hundreds digit of p(8)?
2
Let a = -6445 - -11164. What is the tens digit of a?
1
Suppose 25*o + 15962 = -32442 + 665329. What is the ten thousands digit of o?
2
What is the thousands digit of ((-7758)/9)/((-934)/(-628) + (-30)/20)?
7
Let p = 19828 - 3617. What is the tens digit of p?
1
Let l = -2065 - -3154. Let p = 112 + l. What is the units digit of p?
1
Suppose 2*k + 2 = -4, -4*g - 28 = -4*k. Let d(u) = 4*u**2 + 18*u - 14. Let x be d(g). Suppose -3*w = z - 222, z - x = w + 4*w. What is the units digit of z?
6
Suppose 8*h = -4*h + 4632. What is the hundreds digit of h + (-8)/(-4) + 2?
3
Suppose 2*f - 6 = 2*q, 3*q + 2 = -2*f + 18. Suppose f - 15 = -2*w. Suppose 5*p = w*y - 400, 3*p - 4*p + 418 = 5*y. What is the units digit of y?
3
Let l(a) = -4*a + 1. Let s(r) = -330*r + 52. Let z(t) = 6*l(t) - s(t). What is the hundreds digit of z(2)?
5
Suppose -6*b - 4*b + 2480 = 0. Suppose -8*v = -b - 328. What is the units digit of v?
2
Let y = 11 - 8. Suppose -5*b - 6 = -u - 18, 3*b = y*u + 12. What is the hundreds digit of (6 - (-296)/(-20))*(-35)/b?
1
Let g = -2918 - -9659. What is the hundreds digit of g?
7
Let k be (10 - 2) + (-24)/6. Suppose -4*h = 2*s - 20, k*s + 4*h - 20 = s. What is the units digit of (-17)/(s + 5/(-25))?
5
Suppose 0 = n - q - 9793, q = -5*n + 28090 + 20905. What is the tens digit of n?
9
Suppose 16996 = 141*h - 92561 - 78960. What is the units digit of h?
7
Let l(v) = -26*v - 3. Let h be l(4). Let w = h - -936. What is the tens digit of w?
2
Let u(s) = s**3 - 5*s**2 + s + 21. Let i be u(9). Let q be 2/11 - i/11. Let p = q - -37. What is the units digit of p?
5
Suppose 4*f = y + 2388, -5*y - f = 4175 + 7744. Let n = -1256 - y. What is the tens digit of -5 - (n*-1)/6?
8
Let o(t) = -t**3 - 3*t**2 - t + 4. Let w be o(-3). Let a(q) = q**3 - 2*q**2 - 7*q + 19. Let d be a(w). Let h = 341 - d. What is the hundreds digit of h?
1
Let h be (3 - 74/(-12)) + 3/(-18). What is the units digit of h*126 + (13 - 9)?
8
Suppose 2*b = -3*i + 58